digit of 22704806?
6
What is the ten thousands digit of 6824031?
2
What is the millions digit of 8762183?
8
What is the units digit of 599428?
8
What is the hundreds digit of 4432471?
4
What is the units digit of 15734660?
0
What is the ten millions digit of 25786473?
2
What is the hundreds digit of 6156764?
7
What is the thousands digit of 273396?
3
What is the tens digit of 1059472?
7
What is the tens digit of 1589751?
5
What is the millions digit of 15928638?
5
What is the tens digit of 492865?
6
What is the hundred thousands digit of 168471?
1
What is the tens digit of 2995201?
0
What is the ten thousands digit of 1194211?
9
What is the units digit of 218219?
9
What is the hundreds digit of 6081372?
3
What is the millions digit of 2796507?
2
What is the hundred thousands digit of 569898?
5
What is the units digit of 3778199?
9
What is the hundred thousands digit of 319155?
3
What is the tens digit of 182911?
1
What is the hundreds digit of 158279?
2
What is the hundreds digit of 264008?
0
What is the ten thousands digit of 4203275?
0
What is the millions digit of 20853223?
0
What is the millions digit of 35420119?
5
What is the hundred thousands digit of 4491589?
4
What is the tens digit of 1385788?
8
What is the tens digit of 612192?
9
What is the hundred thousands digit of 136957?
1
What is the units digit of 191732?
2
What is the hundred thousands digit of 218499?
2
What is the thousands digit of 2787185?
7
What is the hundreds digit of 2107618?
6
What is the millions digit of 5343789?
5
What is the ten millions digit of 42189589?
4
What is the thousands digit of 10531025?
1
What is the hundreds digit of 407651?
6
What is the hundred thousands digit of 189700?
1
What is the units digit of 1458585?
5
What is the thousands digit of 391545?
1
What is the hundred thousands digit of 1874409?
8
What is the millions digit of 3465038?
3
What is the tens digit of 288486?
8
What is the millions digit of 2508108?
2
What is the ten thousands digit of 11749?
1
What is the hundreds digit of 1116001?
0
What is the units digit of 14204493?
3
What is the units digit of 10928?
8
What is the thousands digit of 4306?
4
What is the hundred thousands digit of 3098187?
0
What is the ten thousands digit of 139622?
3
What is the thousands digit of 1982790?
2
What is the tens digit of 124293?
9
What is the hundreds digit of 530642?
6
What is the thousands digit of 185918?
5
What is the hundreds digit of 997810?
8
What is the units digit of 140426?
6
What is the hundred thousands digit of 36078405?
0
What is the hundred thousands digit of 31161395?
1
What is the millions digit of 12637726?
2
What is the units digit of 19224817?
7
What is the hundred thousands digit of 5045331?
0
What is the tens digit of 320119?
1
What is the hundred thousands digit of 3857860?
8
What is the tens digit of 1407527?
2
What is the thousands digit of 7193744?
3
What is the millions digit of 1288658?
1
What is the hundreds digit of 78906?
9
What is the tens digit of 113587?
8
What is the tens digit of 9352?
5
What is the millions digit of 6090454?
6
What is the hundreds digit of 185305?
3
What is the hundred thousands digit of 267627?
2
What is the hundreds digit of 1702936?
9
What is the tens digit of 693314?
1
What is the hundred thousands digit of 391763?
3
What is the thousands digit of 8293420?
3
What is the hundreds digit of 738730?
7
What is the ten thousands digit of 876708?
7
What is the units digit of 1286049?
9
What is the thousands digit of 78066?
8
What is the thousands digit of 1895811?
5
What is the hundreds digit of 261122?
1
What is the tens digit of 934983?
8
What is the thousands digit of 4775275?
5
What is the thousands digit of 64565?
4
What is the ten thousands digit of 614169?
1
What is the thousands digit of 365187?
5
What is the hundred thousands digit of 540963?
5
What is the tens digit of 5683972?
7
What is the thousands digit of 1938379?
8
What is the hundreds digit of 1249073?
0
What is the millions digit of 10163100?
0
What is the thousands digit of 99757?
9
What is the units digit of 704548?
8
What is the hundreds digit of 16601?
6
What is the units digit of 154865?
5
What is the hundred thousands digit of 14235146?
2
What is the tens digit of 253036?
3
What is the hundreds digit of 7777682?
6
What is the ten thousands digit of 8143006?
4
What is the units digit of 1405041?
1
What is the ten thousands digit of 105909?
0
What is the hundred thousands digit of 867795?
8
What is the ten thousands digit of 336634?
3
What is the millions digit of 11498618?
1
What is the hundreds digit of 1814499?
4
What is the units digit of 585764?
4
What is the units digit of 633415?
5
What is the tens digit of 507622?
2
What is the units digit of 227084?
4
What is the thousands digit of 743849?
3
What is the tens digit of 1859337?
3
What is the millions digit of 12071034?
2
What is the hundred thousands digit of 6528056?
5
What is the hundred thousands digit of 429413?
4
What is the hundred thousands digit of 1924276?
9
What is the thousands digit of 2461760?
1
What is the units digit of 4995127?
7
What is the units digit of 765101?
1
What is the tens digit of 5709878?
7
What is the tens digit of 1958495?
9
What is the tens digit of 52709?
0
What is the tens digit of 2826004?
0
What is the tens digit of 1351824?
2
What is the units digit of 3831248?
8
What is the thousands digit of 5211313?
1
What is the ten thousands digit of 49245?
4
What is the thousands digit of 267044?
7
What is the units digit of 2542153?
3
What is the ten thousands digit of 396497?
9
What is the units digit of 1058534?
4
What is the ten thousands digit of 611220?
1
What is the tens digit of 299670?
7
What is the millions digit of 2181288?
2
What is the units digit of 315476?
6
What is the tens digit of 5104916?
1
What is the tens digit of 1288592?
9
What is the ten thousands digit of 9292148?
9
What is the hundred thousands digit of 766163?
7
What is the hundred thousands digit of 216406?
2
What is the units digit of 1416295?
5
What is the thousands digit of 8578577?
8
What is the hundred thousands digit of 185549?
1
What is the ten thousands digit of 1648659?
4
What is the tens digit of 2603844?
4
What is the thousands digit of 18697242?
7
What is the thousands digit of 5027525?
7
What is the hundred thousands digit of 23043883?
0
What is the thousands digit of 354844?
4
What is the ten thousands digit of 897488?
9
What is the hundreds digit of 19662177?
1
What is the ten millions digit of 11125552?
1
What is the units digit of 4825104?
4
What is the ten thousands digit of 373014?
7
What is the hundreds digit of 104714?
7
What is the hundred thousands digit of 11663432?
6
What is the units digit of 5227?
7
What is the hundreds digit of 408598?
5
What is the ten thousands digit of 255572?
5
What is the hundred thousands digit of 23663918?
6
What is the millions digit of 8655329?
8
What is the thousands digit of 2444492?
4
What is the tens digit of 7815882?
8
What is the hundred thousands digit of 466923?
4
What is the hundred thousands digit of 9550737?
5
What is the tens digit of 114070?
7
What is the hundred thousands digit of 19999833?
9
What is the units digit of 63347?
7
What is the hundreds digit of 533384?
3
What is the tens digit of 179861?
6
What is the units digit of 939367?
7
What is the units digit of 4183482?
2
What is the millions digit of 3811683?
3
What is the hundred thousands digit of 142297?
1
What is the ten thousands digit of 130101?
3
What is the tens digit of 9618982?
8
What is the millions digit of 2323650?
2
What is the ten thousands digit of 8882179?
8
What is the ten thousands digit of 1225331?
2
What is the ten thousands digit of 193594?
9
What is the hundred thousands digit of 833570?
8
What is the units digit of 688032?
2
What is the hundred thousands digit of 2021018?
0
What is the millions digit of 2479988?
2
What is the hundred thousands digit of 6798304?
7
What is the units digit of 191364?
4
What is the hundreds digit of 296082?
0
What is the units digit of 11505027?
7
What is the ten millions digit of 26253759?
2
What is the thousands digit of 2203809?
3
What is the millions digit of 2545563?
2
What is the tens digit of 211115?
1
What is the units digit of 46